0 = -j*q - 2*c + 36, z*q - 41 - 19 = -c. What are the prime factors of q?
2, 7
Let p = -15363 - -22607. List the prime factors of p.
2, 1811
Let o = -698 - -691. Let p(d) be the second derivative of -8*d**3/3 + 15*d**2/2 + d. List the prime factors of p(o).
127
Let x = 546 - 371. Suppose -400 = -5*t + x. Let k = t + -20. List the prime factors of k.
5, 19
Let r be (-1)/(-4*1/(-8)). Let s be (r/4)/(3/(-30)). Suppose -315 = -5*l - s*c, 4*l - c = 3*c + 252. What are the prime factors of l?
3, 7
Let r(i) = i - 2. Let n(y) = 13*y + 53. Let v(t) = -t**3 - 3*t**2 + 3*t - 7. Let k be v(-4). Let d(a) = k*r(a) + n(a). List the prime factors of d(0).
59
List the prime factors of (60/10 + (-10)/2)/((-5)/(-19325)).
5, 773
Let b(s) be the second derivative of -s**3/3 + 17*s**2/2 - s. Let p = 1854 - 1863. List the prime factors of b(p).
5, 7
Suppose f = -4*g + 676, 0*f = -2*f + 5*g + 1365. Let w = 1049 - f. List the prime factors of w.
3, 41
What are the prime factors of 19221/2 + 1 + (-1123)/(-2246)?
2, 3, 89
Suppose -2*s - 4*p = -642, s + p = -30 + 353. Let k be (-1*1)/(14336/1592 + -9). Let o = s + k. What are the prime factors of o?
2, 3, 7
Let h(s) = -s**3 + 27*s**2 + 6*s**2 - 31 - 8*s - 9*s**2 - s. List the prime factors of h(23).
3, 97
Suppose -24*a + 187453 = -8*a - 225667. What are the prime factors of a?
2, 5, 1291
Let s = 15 + -7. Suppose -s = 7*n + 6. List the prime factors of (-10 + -2)/(-6)*(-101)/n.
101
Suppose 48*z = 21*z + 456138. What are the prime factors of z?
2, 8447
Suppose 964428 = 254*k - 714258. What are the prime factors of k?
3, 2203
Let w(g) = g**2 - 7*g - 28. Let t be w(-3). Suppose -11 + 1 = -5*c, -416 = -t*z - 4*c. What are the prime factors of z?
2, 3, 17
Suppose v - 3*u = 790, 3*u = -4*v + 425 + 2675. Let d = v - 412. What are the prime factors of d?
2, 3, 61
Let w(r) = 89*r - 15. Let k(t) = -178*t + 32. Suppose 2*m + 54 = -7*m. Let y(q) = m*k(q) - 13*w(q). What are the prime factors of y(-2)?
181
Let n(j) = 528*j**2 - 61*j - 49. List the prime factors of n(-4).
3, 43, 67
Let a(o) = -o**2 - 8*o + 15. Suppose 10*z = 3*z - 441. Let m = -72 - z. List the prime factors of a(m).
2, 3
Let i(a) be the third derivative of -a**3/6 - 18*a**2. Let c(d) = -2*d - 2. Let r(o) = -c(o) - 3*i(o). List the prime factors of r(18).
41
Let d = -181 + 174. Let a(m) = m**2 + 12 - 2 + 10*m - 4*m. List the prime factors of a(d).
17
Let o be -2 - 2 - (-15 + 9). Suppose 2*r - 1184 = -o*r. List the prime factors of r.
2, 37
Let b = -6220 - -31382. What are the prime factors of b?
2, 23, 547
Suppose 0 = -13*m + 6*m + 225771. List the prime factors of m.
3, 13, 827
What are the prime factors of 5 - (-7 + 19) - 1099746/(-18)?
2, 5, 41, 149
Let q(z) = -z**3 + 9*z**2 - 7*z + 2. Let n = -34 - -38. Suppose 32 = -n*w + 8*w. List the prime factors of q(w).
2, 5
Let n be ((-2196)/(-1))/(-1*(-10)/15). Suppose 3*u = -l + 1094, 0 = 2*l + l + 3*u - n. What are the prime factors of l?
2, 5, 11
Suppose 0 = 34*n - 46*n + 150528. What are the prime factors of n?
2, 7
Suppose -27*s = -14*s - 7046. Suppose -2*k = 3*n - 1198, 2*k + 250 = 2*n - s. What are the prime factors of n?
2, 199
Let q(j) = -j**3 - 21*j**2 + j + 23. Let t be q(-21). Suppose 5728 = -t*p + 10*p. List the prime factors of p.
2, 179
Suppose 4 + 22 = 13*h. Suppose -2*d - h*f = -6*f - 132, 5*d - 4*f - 354 = 0. What are the prime factors of d?
2, 37
Let z = 797 - 248. List the prime factors of (-122)/z + (-12568)/(-18).
2, 349
Suppose -4*a + 7*a - 28 = 2*p, -a = 3*p + 42. List the prime factors of (-26258)/(-133) - 8/p.
2, 3, 11
Suppose 4*f = -0*s - 5*s + 28075, 0 = s + 4*f - 5599. What are the prime factors of s?
3, 1873
Suppose 747*f - 25068 = 741*f. Suppose -f + 15497 = 33*i. What are the prime factors of i?
7
Suppose 0 = h + 5*p - 23, -15 = -2*p - 3*p. Suppose 23 = 3*l + h. Suppose t - 143 = -l*o, 5*t - 24 - 82 = -4*o. List the prime factors of o.
29
Let g = 248 + -134. Suppose -2*p + g = 4*p. List the prime factors of p*5 + (-30)/10.
2, 23
Let j(a) = a**3 - 16*a**2 - 18*a + 20. Let x be j(17). Suppose 4*t + s - 5254 = 0, x*t - 5*s - 771 - 3158 = 0. What are the prime factors of t?
13, 101
Let b be (-10)/25 + (-297)/(-5). Suppose -2*c - b = 123. Let g = c - -262. List the prime factors of g.
3, 19
What are the prime factors of 67/(-268) - (-203402)/8?
3, 5, 113
Let a = 7423 - -4081. List the prime factors of a.
2, 719
Suppose 0 = -2*n - 92 - 188. Let f = 3 - n. List the prime factors of f.
11, 13
List the prime factors of (292182/231)/(8/56).
2, 19, 233
Let p = 6031 - -2773. List the prime factors of p.
2, 31, 71
Let o = 7161 + -5884. What are the prime factors of o?
1277
Let m(c) = -c**3 + 14*c**2 + c - 14. Let t be m(14). Let x(r) = -r**2 - 2*r - 64. Let q be x(t). Let f = 34 - q. List the prime factors of f.
2, 7
Suppose 127*l - 844970 = 344385. What are the prime factors of l?
5, 1873
Let g be -1*1*(-1 + -54). Suppose 0 = 7*m - 2*m + 4*a + 80, 2*m - 3*a + g = 0. What are the prime factors of ((-88)/m - 5)/((-1)/15)?
3
Let a = 244 - 32. Let g = a - -13. What are the prime factors of g?
3, 5
Let f(u) = u**3 + 36*u**2 + 36*u + 4. Let y be f(-34). Let d = y - 289. What are the prime factors of d?
11, 73
Suppose -16*k = 4911 - 66847. What are the prime factors of k?
7, 79
Suppose -5*a - 2*v - 54 = 0, -2*a + 2*v - 14 - 16 = 0. Let m = a + 164. Suppose -m - 681 = -7*t. What are the prime factors of t?
7, 17
Suppose -w + 2*i - 943 = -190, 2*w + 5*i = -1470. List the prime factors of w/(-3) + 1 + 3/(-9).
3, 83
Let b(z) = -z**2 + 7*z - 12. Let g be b(4). Suppose -5*o = 20, -4*q - 5*o + 0*o + 1492 = g. What are the prime factors of q?
2, 3, 7
Let i(w) = -2*w**3 + 37*w**2 - 2*w - 19. Let k = -374 - -390. List the prime factors of i(k).
1229
Let p(j) = -22*j**2 - 19*j + 24285 + 0*j**3 - 2*j**3 - 24334. What are the prime factors of p(-13)?
2, 19, 23
Let n be (-4198)/5 - (-16)/(-40). List the prime factors of n/(-9)*(-54)/(-15).
2, 3, 7
Let f = -1009 + 3556. Suppose 76 - f = -7*u. What are the prime factors of u?
353
Suppose -3*s + 22 = -4*f, s = 3*s + 4*f - 48. Let u be s*(260/8 - -1). Suppose -2*i - v = -u, 4*i - 5*v - 973 = -0*i. What are the prime factors of i?
3, 79
Suppose -4*i = f - 200683, -3*i - f = -119335 - 31175. List the prime factors of i.
131, 383
Let l(u) = -u**2 + 9*u + 9. Let w be l(-1). List the prime factors of (-97767)/(-162) - (w/2 + 1).
3, 67
Let r(t) = 174*t**2 - 23*t - 3. Suppose 16 = 5*x - 2*z, 4*x + 0*x - 14 = 2*z. List the prime factors of r(x).
647
Let v(m) = 2*m**3 - m**2 - 2*m + 6. Let s be v(0). List the prime factors of (-12623)/(-39) + 2/s.
2, 3
Let i(a) be the third derivative of -4*a**2 - 1/60*a**5 + 0*a - 15/2*a**3 - 13/12*a**4 + 0. What are the prime factors of i(-18)?
3, 11
Suppose 5*n = 2*n + 15. Suppose -4*c + 37 - 25 = 0, -n*u + 2*c = -2619. List the prime factors of u.
3, 5, 7
Let o(s) = 4*s**3 - 8*s**2 + s + 17. Let w(p) = -p**3 + p. Suppose 50 = h + 53. Let b(g) = h*w(g) - o(g). List the prime factors of b(5).
2, 19
Suppose a - 3*d - 21 = -10, 0 = a + d + 9. List the prime factors of 81/(-108) + (-155)/a.
2, 19
Let i be (-46 + 3)*(-6 - -17). Let c = i - -553. List the prime factors of c.
2, 5
Suppose 4*g = -3*d + 125, -5*d + g + 115 = -2*d. List the prime factors of 25/15*(d - 6).
5, 11
Suppose -30*c + 193*c - 1273682 = 0. What are the prime factors of c?
2, 3907
Suppose -10 = -2*z, z + 2*z = 4*h + 291. Let y = 284 + h. What are the prime factors of y?
5, 43
Let c be 38/6 - (-24)/(-72). Let n(z) be the second derivative of -z**5/20 + 3*z**4/4 - 5*z**3/3 + 3*z**2/2 - z. What are the prime factors of n(c)?
3, 17
Let n be 1 - 2/5 - (-6426)/90. Let t = n - -358. List the prime factors of t.
2, 5, 43
Let w be (-19)/(19/(-44) - 8/(-44)). List the prime factors of w - (-7 + 6)*-3.
73
Suppose -3*f - 15 = 3*v - v, -3*v - 2*f = 10. What are the prime factors of 28/42 - (v + (-904)/3)?
2, 151
Suppose 198 - 2 = 7*b. Suppose 10 - b = -6*m. Suppose 4*a = c + 7, 29 = m*c - 3*a + a. What are the prime factors of c?
13
Let i(d) = d**3 + 7*d**2 + 9*d + 21. Let r be i(-6). Suppose 0 = -2*v - x + 848, -r*v - 11*x + 1273 = -9*x. List the prime factors of v.
3, 47
What are the prime factors of 85906/(192/32 + 0 + -4)?
42953
Suppose 248*d + 57564 = 266*d. List the prime factors of d.
2, 